[INFO] fetching crate gobs 0.1.1...
[INFO] checking gobs-0.1.1 against master#cfbc6d4cf1acbac5c025acf8ed68929caa551df3 for pr-75494-beta
[INFO] extracting crate gobs 0.1.1 into /workspace/builds/worker-4/source
[INFO] validating manifest of crates.io crate gobs 0.1.1 on toolchain cfbc6d4cf1acbac5c025acf8ed68929caa551df3
[INFO] running `Command { std: "/workspace/cargo-home/bin/cargo" "+cfbc6d4cf1acbac5c025acf8ed68929caa551df3" "read-manifest" "--manifest-path" "Cargo.toml", kill_on_drop: false }`
[INFO] started tweaking crates.io crate gobs 0.1.1
[INFO] finished tweaking crates.io crate gobs 0.1.1
[INFO] tweaked toml for crates.io crate gobs 0.1.1 written to /workspace/builds/worker-4/source/Cargo.toml
[INFO] crate crates.io crate gobs 0.1.1 already has a lockfile, it will not be regenerated
[INFO] running `Command { std: "/workspace/cargo-home/bin/cargo" "+cfbc6d4cf1acbac5c025acf8ed68929caa551df3" "fetch" "--locked" "--manifest-path" "Cargo.toml", kill_on_drop: false }`
[INFO] [stderr]  Downloading crates ...
[INFO] [stderr]   Downloaded takeable-option v0.5.0
[INFO] [stderr]   Downloaded winit v0.22.0
[INFO] [stderr]   Downloaded vek v0.10.1
[INFO] [stderr]   Downloaded cocoa v0.19.1
[INFO] [stderr]   Downloaded parking_lot_core v0.7.1
[INFO] [stderr]   Downloaded dot_vox v4.1.0
[INFO] [stderr]   Downloaded core-video-sys v0.1.3
[INFO] [stderr]   Downloaded glutin v0.24.0
[INFO] [stderr]   Downloaded xml-rs v0.8.2
[INFO] [stderr]   Downloaded glium v0.27.0
[INFO] running `Command { std: "docker" "create" "-v" "/var/lib/crater-agent-workspace/builds/worker-4/target:/opt/rustwide/target:rw,Z" "-v" "/var/lib/crater-agent-workspace/builds/worker-4/source:/opt/rustwide/workdir:ro,Z" "-v" "/var/lib/crater-agent-workspace/cargo-home:/opt/rustwide/cargo-home:ro,Z" "-v" "/var/lib/crater-agent-workspace/rustup-home:/opt/rustwide/rustup-home:ro,Z" "-e" "SOURCE_DIR=/opt/rustwide/workdir" "-e" "CARGO_TARGET_DIR=/opt/rustwide/target" "-e" "CARGO_HOME=/opt/rustwide/cargo-home" "-e" "RUSTUP_HOME=/opt/rustwide/rustup-home" "-w" "/opt/rustwide/workdir" "-m" "1610612736" "--user" "0:0" "--network" "none" "rustops/crates-build-env@sha256:a636fd89d022f18117e1dc8fb37a0a009933cdbbe082814857f0e2024962d47c" "/opt/rustwide/cargo-home/bin/cargo" "+cfbc6d4cf1acbac5c025acf8ed68929caa551df3" "metadata" "--no-deps" "--format-version=1", kill_on_drop: false }`
[INFO] [stdout] 2e6b3132c123c72b05d00d4991d344281420b1826851b901ce687d1169194413
[INFO] [stderr] WARNING: Your kernel does not support swap limit capabilities or the cgroup is not mounted. Memory limited without swap.
[INFO] running `Command { std: "docker" "start" "-a" "2e6b3132c123c72b05d00d4991d344281420b1826851b901ce687d1169194413", kill_on_drop: false }`
[INFO] running `Command { std: "docker" "inspect" "2e6b3132c123c72b05d00d4991d344281420b1826851b901ce687d1169194413", kill_on_drop: false }`
[INFO] running `Command { std: "docker" "rm" "-f" "2e6b3132c123c72b05d00d4991d344281420b1826851b901ce687d1169194413", kill_on_drop: false }`
[INFO] [stdout] 2e6b3132c123c72b05d00d4991d344281420b1826851b901ce687d1169194413
[INFO] running `Command { std: "docker" "create" "-v" "/var/lib/crater-agent-workspace/builds/worker-4/target:/opt/rustwide/target:rw,Z" "-v" "/var/lib/crater-agent-workspace/builds/worker-4/source:/opt/rustwide/workdir:ro,Z" "-v" "/var/lib/crater-agent-workspace/cargo-home:/opt/rustwide/cargo-home:ro,Z" "-v" "/var/lib/crater-agent-workspace/rustup-home:/opt/rustwide/rustup-home:ro,Z" "-e" "SOURCE_DIR=/opt/rustwide/workdir" "-e" "CARGO_TARGET_DIR=/opt/rustwide/target" "-e" "CARGO_INCREMENTAL=0" "-e" "RUST_BACKTRACE=full" "-e" "RUSTFLAGS=--cap-lints=forbid" "-e" "CARGO_HOME=/opt/rustwide/cargo-home" "-e" "RUSTUP_HOME=/opt/rustwide/rustup-home" "-w" "/opt/rustwide/workdir" "-m" "1610612736" "--user" "0:0" "--network" "none" "rustops/crates-build-env@sha256:a636fd89d022f18117e1dc8fb37a0a009933cdbbe082814857f0e2024962d47c" "/opt/rustwide/cargo-home/bin/cargo" "+cfbc6d4cf1acbac5c025acf8ed68929caa551df3" "check" "--frozen" "--all" "--all-targets" "--message-format=json", kill_on_drop: false }`
[INFO] [stdout] 65a11688ba9671024762b5f65589862a2c699c320a8b7a7121784921c872256f
[INFO] [stderr] WARNING: Your kernel does not support swap limit capabilities or the cgroup is not mounted. Memory limited without swap.
[INFO] running `Command { std: "docker" "start" "-a" "65a11688ba9671024762b5f65589862a2c699c320a8b7a7121784921c872256f", kill_on_drop: false }`
[INFO] [stderr]    Compiling log v0.4.8
[INFO] [stderr]    Compiling autocfg v1.0.0
[INFO] [stderr]    Compiling xml-rs v0.8.2
[INFO] [stderr]     Checking cfg-if v0.1.10
[INFO] [stderr]     Checking lazy_static v1.4.0
[INFO] [stderr]    Compiling bitflags v1.2.1
[INFO] [stderr]     Checking slab v0.4.2
[INFO] [stderr]     Checking lazycell v1.2.1
[INFO] [stderr]    Compiling unicode-xid v0.2.0
[INFO] [stderr]     Checking same-file v1.0.6
[INFO] [stderr]    Compiling semver-parser v0.7.0
[INFO] [stderr]    Compiling serde v1.0.106
[INFO] [stderr]     Checking static_assertions v1.1.0
[INFO] [stderr]     Checking rustc-demangle v0.1.16
[INFO] [stderr]     Checking takeable-option v0.5.0
[INFO] [stderr]     Checking fnv v1.0.6
[INFO] [stderr]    Compiling libloading v0.5.2
[INFO] [stderr]    Compiling backtrace-sys v0.1.35
[INFO] [stderr]     Checking lock_api v0.3.4
[INFO] [stderr]    Compiling nom v4.2.3
[INFO] [stderr]     Checking walkdir v2.3.1
[INFO] [stderr]    Compiling proc-macro2 v1.0.10
[INFO] [stderr]     Checking net2 v0.2.33
[INFO] [stderr]     Checking iovec v0.1.4
[INFO] [stderr]     Checking memmap v0.7.0
[INFO] [stderr]     Checking parking_lot_core v0.7.1
[INFO] [stderr]     Checking raw-window-handle v0.3.3
[INFO] [stderr]     Checking shared_library v0.1.9
[INFO] [stderr]     Checking stb_truetype v0.3.1
[INFO] [stderr]     Checking x11-dl v2.18.5
[INFO] [stderr]    Compiling semver v0.9.0
[INFO] [stderr]     Checking osmesa-sys v0.1.2
[INFO] [stderr]     Checking parking_lot v0.10.2
[INFO] [stderr]     Checking nix v0.14.1
[INFO] [stderr]     Checking dlib v0.4.1
[INFO] [stderr]    Compiling rustc_version v0.2.3
[INFO] [stderr]    Compiling num-traits v0.2.11
[INFO] [stderr]    Compiling num-integer v0.1.42
[INFO] [stderr]    Compiling memoffset v0.5.4
[INFO] [stderr]     Checking wayland-sys v0.23.6
[INFO] [stderr]     Checking mio v0.6.21
[INFO] [stderr]    Compiling quote v1.0.3
[INFO] [stderr]    Compiling vek v0.10.1
[INFO] [stderr]    Compiling wayland-scanner v0.23.6
[INFO] [stderr]    Compiling gl_generator v0.13.1
[INFO] [stderr]    Compiling gl_generator v0.14.0
[INFO] [stderr]    Compiling syn v1.0.17
[INFO] [stderr]     Checking backtrace v0.3.46
[INFO] [stderr]     Checking dot_vox v4.1.0
[INFO] [stderr]     Checking mio-extras v2.0.6
[INFO] [stderr]    Compiling glium v0.27.0
[INFO] [stderr]    Compiling glutin_egl_sys v0.1.4
[INFO] [stderr]    Compiling glutin_glx_sys v0.1.6
[INFO] [stderr]     Checking approx v0.3.2
[INFO] [stderr]     Checking ordered-float v1.0.2
[INFO] [stderr]     Checking line_drawing v0.7.0
[INFO] [stderr]     Checking rusttype v0.8.3
[INFO] [stderr]    Compiling wayland-client v0.23.6
[INFO] [stderr]    Compiling wayland-protocols v0.23.6
[INFO] [stderr]     Checking rusttype v0.7.9
[INFO] [stderr]     Checking andrew v0.2.1
[INFO] [stderr]     Checking wayland-commons v0.23.6
[INFO] [stderr]     Checking calloop v0.4.4
[INFO] [stderr]    Compiling serde_derive v1.0.106
[INFO] [stderr]     Checking smithay-client-toolkit v0.6.6
[INFO] [stderr]     Checking winit v0.22.0
[INFO] [stderr]     Checking glutin v0.24.0
[INFO] [stderr]     Checking gobs v0.1.1 (/opt/rustwide/workdir)
[INFO] [stdout] error[E0433]: failed to resolve: use of undeclared type or module `gobs_core`
[INFO] [stdout]  --> tests/cubit_surface_extractor_test.rs:1:5
[INFO] [stdout]   |
[INFO] [stdout] 1 | use gobs_core::region::Region;
[INFO] [stdout]   |     ^^^^^^^^^ use of undeclared type or module `gobs_core`
[INFO] [stdout] 
[INFO] [stdout] 
[INFO] [stdout] error[E0433]: failed to resolve: use of undeclared type or module `gobs_core`
[INFO] [stdout]  --> tests/cubit_surface_extractor_test.rs:2:5
[INFO] [stdout]   |
[INFO] [stdout] 2 | use gobs_core::raw_volume::RawVolume;
[INFO] [stdout]   |     ^^^^^^^^^ use of undeclared type or module `gobs_core`
[INFO] [stdout] 
[INFO] [stdout] 
[INFO] [stdout] error[E0433]: failed to resolve: use of undeclared type or module `gobs_core`
[INFO] [stdout]  --> tests/cubit_surface_extractor_test.rs:3:5
[INFO] [stdout]   |
[INFO] [stdout] 3 | use gobs_core::raw_volume_sampler::RawVolumeSampler;
[INFO] [stdout]   |     ^^^^^^^^^ use of undeclared type or module `gobs_core`
[INFO] [stdout] 
[INFO] [stdout] 
[INFO] [stdout] error[E0433]: failed to resolve: use of undeclared type or module `gobs_core`
[INFO] [stdout]  --> tests/cubit_surface_extractor_test.rs:4:5
[INFO] [stdout]   |
[INFO] [stdout] 4 | use gobs_core::cubic_surface_extractor::extract_cubic_mesh;
[INFO] [stdout]   |     ^^^^^^^^^ use of undeclared type or module `gobs_core`
[INFO] [stdout] 
[INFO] [stdout] 
[INFO] [stdout] error[E0433]: failed to resolve: use of undeclared type or module `gobs_core`
[INFO] [stdout]  --> tests/cubit_surface_extractor_test.rs:5:5
[INFO] [stdout]   |
[INFO] [stdout] 5 | use gobs_core::volume::Volume;
[INFO] [stdout]   |     ^^^^^^^^^ use of undeclared type or module `gobs_core`
[INFO] [stdout] 
[INFO] [stdout] 
[INFO] [stdout] error[E0433]: failed to resolve: use of undeclared type or module `Region`
[INFO] [stdout]  --> tests/cubit_surface_extractor_test.rs:9:18
[INFO] [stdout]   |
[INFO] [stdout] 9 |     let region = Region::cubic(16);
[INFO] [stdout]   |                  ^^^^^^ not found in this scope
[INFO] [stdout]   |
[INFO] [stdout] help: consider importing one of these items
[INFO] [stdout]   |
[INFO] [stdout] 1 | use glutin::platform::unix::x11::ffi::Region;
[INFO] [stdout]   |
[INFO] [stdout] 1 | use gobs::region::Region;
[INFO] [stdout]   |
[INFO] [stdout] 
[INFO] [stdout] 
[INFO] [stdout] error[E0412]: cannot find type `RawVolume` in this scope
[INFO] [stdout]   --> tests/cubit_surface_extractor_test.rs:10:21
[INFO] [stdout]    |
[INFO] [stdout] 10 |     let mut volume: RawVolume<i32> = RawVolume::new(region);
[INFO] [stdout]    |                     ^^^^^^^^^ not found in this scope
[INFO] [stdout]    |
[INFO] [stdout] help: consider importing this struct
[INFO] [stdout]    |
[INFO] [stdout] 1  | use gobs::raw_volume::RawVolume;
[INFO] [stdout]    |
[INFO] [stdout] 
[INFO] [stdout] 
[INFO] [stdout] error[E0433]: failed to resolve: use of undeclared type or module `RawVolume`
[INFO] [stdout]   --> tests/cubit_surface_extractor_test.rs:10:38
[INFO] [stdout]    |
[INFO] [stdout] 10 |     let mut volume: RawVolume<i32> = RawVolume::new(region);
[INFO] [stdout]    |                                      ^^^^^^^^^ not found in this scope
[INFO] [stdout]    |
[INFO] [stdout] help: consider importing this struct
[INFO] [stdout]    |
[INFO] [stdout] 1  | use gobs::raw_volume::RawVolume;
[INFO] [stdout]    |
[INFO] [stdout] 
[INFO] [stdout] 
[INFO] [stdout] error[E0433]: failed to resolve: use of undeclared type or module `RawVolumeSampler`
[INFO] [stdout]   --> tests/cubit_surface_extractor_test.rs:13:23
[INFO] [stdout]    |
[INFO] [stdout] 13 |     let mut sampler = RawVolumeSampler::new(&volume);
[INFO] [stdout]    |                       ^^^^^^^^^^^^^^^^ not found in this scope
[INFO] [stdout]    |
[INFO] [stdout] help: consider importing this struct
[INFO] [stdout]    |
[INFO] [stdout] 1  | use gobs::raw_volume_sampler::RawVolumeSampler;
[INFO] [stdout]    |
[INFO] [stdout] 
[INFO] [stdout] 
[INFO] [stdout] error[E0425]: cannot find function `extract_cubic_mesh` in this scope
[INFO] [stdout]   --> tests/cubit_surface_extractor_test.rs:14:16
[INFO] [stdout]    |
[INFO] [stdout] 14 |     let mesh = extract_cubic_mesh(&mut sampler, &Region::cubic(16)).unwrap();
[INFO] [stdout]    |                ^^^^^^^^^^^^^^^^^^ not found in this scope
[INFO] [stdout]    |
[INFO] [stdout] help: consider importing this function
[INFO] [stdout]    |
[INFO] [stdout] 1  | use gobs::cubic_surface_extractor::extract_cubic_mesh;
[INFO] [stdout]    |
[INFO] [stdout] 
[INFO] [stdout] 
[INFO] [stdout] error[E0433]: failed to resolve: use of undeclared type or module `Region`
[INFO] [stdout]   --> tests/cubit_surface_extractor_test.rs:14:50
[INFO] [stdout]    |
[INFO] [stdout] 14 |     let mesh = extract_cubic_mesh(&mut sampler, &Region::cubic(16)).unwrap();
[INFO] [stdout]    |                                                  ^^^^^^ not found in this scope
[INFO] [stdout]    |
[INFO] [stdout] help: consider importing one of these items
[INFO] [stdout]    |
[INFO] [stdout] 1  | use glutin::platform::unix::x11::ffi::Region;
[INFO] [stdout]    |
[INFO] [stdout] 1  | use gobs::region::Region;
[INFO] [stdout]    |
[INFO] [stdout] 
[INFO] [stdout] 
[INFO] [stdout] error[E0433]: failed to resolve: use of undeclared type or module `Region`
[INFO] [stdout]   --> tests/cubit_surface_extractor_test.rs:22:18
[INFO] [stdout]    |
[INFO] [stdout] 22 |     let region = Region::cubic(16);
[INFO] [stdout]    |                  ^^^^^^ not found in this scope
[INFO] [stdout]    |
[INFO] [stdout] help: consider importing one of these items
[INFO] [stdout]    |
[INFO] [stdout] 1  | use glutin::platform::unix::x11::ffi::Region;
[INFO] [stdout]    |
[INFO] [stdout] 1  | use gobs::region::Region;
[INFO] [stdout]    |
[INFO] [stdout] 
[INFO] [stdout] 
[INFO] [stdout] error[E0412]: cannot find type `RawVolume` in this scope
[INFO] [stdout]   --> tests/cubit_surface_extractor_test.rs:23:21
[INFO] [stdout]    |
[INFO] [stdout] 23 |     let mut volume: RawVolume<i32> = RawVolume::new(region);
[INFO] [stdout]    |                     ^^^^^^^^^ not found in this scope
[INFO] [stdout]    |
[INFO] [stdout] help: consider importing this struct
[INFO] [stdout]    |
[INFO] [stdout] 1  | use gobs::raw_volume::RawVolume;
[INFO] [stdout]    |
[INFO] [stdout] 
[INFO] [stdout] 
[INFO] [stdout] error[E0433]: failed to resolve: use of undeclared type or module `RawVolume`
[INFO] [stdout]   --> tests/cubit_surface_extractor_test.rs:23:38
[INFO] [stdout]    |
[INFO] [stdout] 23 |     let mut volume: RawVolume<i32> = RawVolume::new(region);
[INFO] [stdout]    |                                      ^^^^^^^^^ not found in this scope
[INFO] [stdout]    |
[INFO] [stdout] help: consider importing this struct
[INFO] [stdout]    |
[INFO] [stdout] 1  | use gobs::raw_volume::RawVolume;
[INFO] [stdout]    |
[INFO] [stdout] 
[INFO] [stdout] 
[INFO] [stdout] error[E0433]: failed to resolve: use of undeclared type or module `RawVolumeSampler`
[INFO] [stdout]   --> tests/cubit_surface_extractor_test.rs:27:23
[INFO] [stdout]    |
[INFO] [stdout] 27 |     let mut sampler = RawVolumeSampler::new(&volume);
[INFO] [stdout]    |                       ^^^^^^^^^^^^^^^^ not found in this scope
[INFO] [stdout]    |
[INFO] [stdout] help: consider importing this struct
[INFO] [stdout]    |
[INFO] [stdout] 1  | use gobs::raw_volume_sampler::RawVolumeSampler;
[INFO] [stdout]    |
[INFO] [stdout] 
[INFO] [stdout] 
[INFO] [stdout] error[E0425]: cannot find function `extract_cubic_mesh` in this scope
[INFO] [stdout]   --> tests/cubit_surface_extractor_test.rs:28:16
[INFO] [stdout]    |
[INFO] [stdout] 28 |     let mesh = extract_cubic_mesh(&mut sampler, &Region::cubic(16)).unwrap();
[INFO] [stdout]    |                ^^^^^^^^^^^^^^^^^^ not found in this scope
[INFO] [stdout]    |
[INFO] [stdout] help: consider importing this function
[INFO] [stdout]    |
[INFO] [stdout] 1  | use gobs::cubic_surface_extractor::extract_cubic_mesh;
[INFO] [stdout]    |
[INFO] [stdout] 
[INFO] [stdout] 
[INFO] [stdout] error[E0433]: failed to resolve: use of undeclared type or module `Region`
[INFO] [stdout]   --> tests/cubit_surface_extractor_test.rs:28:50
[INFO] [stdout]    |
[INFO] [stdout] 28 |     let mesh = extract_cubic_mesh(&mut sampler, &Region::cubic(16)).unwrap();
[INFO] [stdout]    |                                                  ^^^^^^ not found in this scope
[INFO] [stdout]    |
[INFO] [stdout] help: consider importing one of these items
[INFO] [stdout]    |
[INFO] [stdout] 1  | use glutin::platform::unix::x11::ffi::Region;
[INFO] [stdout]    |
[INFO] [stdout] 1  | use gobs::region::Region;
[INFO] [stdout]    |
[INFO] [stdout] 
[INFO] [stdout] 
[INFO] [stdout] error: aborting due to 17 previous errors
[INFO] [stdout] 
[INFO] [stdout] 
[INFO] [stdout] Some errors have detailed explanations: E0412, E0425, E0433.
[INFO] [stdout] 
[INFO] [stdout] For more information about an error, try `rustc --explain E0412`.
[INFO] [stdout] 
[INFO] [stderr] error: could not compile `gobs`.
[INFO] [stderr] 
[INFO] [stderr] To learn more, run the command again with --verbose.
[INFO] [stderr] warning: build failed, waiting for other jobs to finish...
[INFO] [stderr] error: build failed
[INFO] running `Command { std: "docker" "inspect" "65a11688ba9671024762b5f65589862a2c699c320a8b7a7121784921c872256f", kill_on_drop: false }`
[INFO] running `Command { std: "docker" "rm" "-f" "65a11688ba9671024762b5f65589862a2c699c320a8b7a7121784921c872256f", kill_on_drop: false }`
[INFO] [stdout] 65a11688ba9671024762b5f65589862a2c699c320a8b7a7121784921c872256f
